 number?
False
Is 8757137 composite?
True
Is 18984793 a composite number?
False
Is 562091 composite?
False
Is 451494283 a composite number?
True
Is 17535187 prime?
True
Is 55757903 a composite number?
True
Is 8454235 a composite number?
True
Is 97263319 a prime number?
True
Is 2186087 a prime number?
True
Is 91902281 a composite number?
False
Is 171675311 a composite number?
False
Is 912827 composite?
True
Is 77562353 a composite number?
True
Is 79637345 a composite number?
True
Is 66699571 prime?
True
Is 307243 composite?
False
Is 7685746 composite?
True
Is 48611 a composite number?
False
Is 70942169 composite?
True
Is 389819 a composite number?
False
Is 160201 a composite number?
False
Is 21699071 composite?
False
Is 795919 a prime number?
False
Is 82326859 prime?
False
Is 179593417 composite?
True
Is 568696883 composite?
False
Is 1451153441 a composite number?
False
Is 6048949 composite?
False
Is 228628151 composite?
True
Is 12676801 a prime number?
True
Is 3165931 a prime number?
False
Is 7638299 a prime number?
False
Is 304867 prime?
True
Is 721843 prime?
True
Is 1414848853 a prime number?
False
Is 26400089 composite?
False
Is 1439362 prime?
False
Is 39330267 a prime number?
False
Is 17167558 prime?
False
Is 871333 prime?
False
Is 422131477 a composite number?
False
Is 4500187 a prime number?
False
Is 55701667 a prime number?
False
Is 20779453 composite?
True
Is 3002287 composite?
True
Is 90648241 a composite number?
True
Is 3306341 composite?
False
Is 74912261 a prime number?
False
Is 4813727 composite?
True
Is 177560549 composite?
False
Is 47095387 a composite number?
True
Is 2641451 a composite number?
False
Is 510867647 a composite number?
False
Is 1638899 a prime number?
True
Is 125445019 a prime number?
False
Is 64572571 composite?
True
Is 73130933 a prime number?
True
Is 272621 composite?
False
Is 609143 composite?
False
Is 21531173 a composite number?
False
Is 30130183 composite?
False
Is 26342339 a prime number?
True
Is 4580891 a prime number?
False
Is 52481051 a prime number?
False
Is 2460277 prime?
True
Is 27508727 a prime number?
False
Is 2382217 prime?
True
Is 10903369 composite?
False
Is 522317 prime?
True
Is 1628993 a composite number?
True
Is 477177 a prime number?
False
Is 11607815 prime?
False
Is 76930781 a composite number?
False
Is 33744101 a prime number?
True
Is 8975093 composite?
True
Is 8691043 a composite number?
False
Is 5566873 composite?
True
Is 11721293 prime?
True
Is 12539 a prime number?
True
Is 25537739 prime?
True
Is 2786209 a prime number?
True
Is 284388883 a composite number?
False
Is 9031799 a composite number?
True
Is 13257905 a composite number?
True
Is 108179 a composite number?
False
Is 379865161 prime?
False
Is 322169 a composite number?
False
Is 5654477 composite?
False
Is 9760963 a composite number?
False
Is 568995923 a composite number?
True
Is 4479829 a prime number?
True
Is 11595229 a prime number?
False
Is 2217757 composite?
False
Is 4488061 a composite number?
False
Is 1487945 prime?
False
Is 14251987 a prime number?
True
Is 12991703 prime?
True
Is 4548739 a composite number?
True
Is 848049 a prime number?
False
Is 260493511 a composite number?
False
Is 39396019 composite?
True
Is 2393383 composite?
True
Is 6140753 prime?
True
Is 8839315 a composite number?
True
Is 22119691 a prime number?
False
Is 34477 a composite number?
True
Is 38750879 composite?
False
Is 45330071 prime?
True
Is 13772113 a composite number?
True
Is 26520847 a composite number?
False
Is 56785429 composite?
False
Is 76206043 a prime number?
True
Is 8511511 prime?
True
Is 24783271 prime?
True
Is 39765547 prime?
False
Is 8585329 a prime number?
False
Is 251763283 prime?
False
Is 4599041 a prime number?
False
Is 33451817 a prime number?
False
Is 513259741 a prime number?
True
Is 13689821 a composite number?
False
Is 6259567 a composite number?
False
Is 4068823 a prime number?
False
Is 601746191 a prime number?
True
Is 1154835611 prime?
True
Is 32455531 composite?
False
Is 20126599 a composite number?
True
Is 160621891 a prime number?
False
Is 14333257 prime?
False
Is 2368291 prime?
False
Is 4821665 composite?
True
Is 2067253 a composite number?
False
Is 53230063 composite?
False
Is 739493 a prime number?
True
Is 1979137 composite?
True
Is 2974639 prime?
True
Is 56963009 a prime number?
False
Is 1638785 prime?
False
Is 5440637 composite?
False
Is 11743 prime?
True
Is 1610711 a prime number?
False
Is 320279 a composite number?
True
Is 38798381 a composite number?
True
Is 84551993 a composite number?
True
Is 32554309 a composite number?
True
Is 7240139 a prime number?
True
Is 1593133 prime?
True
Is 2269763 a composite number?
False
Is 208939 a prime number?
False
Is 28802071 composite?
False
Is 28701997 composite?
False
Is 75527011 prime?
False
Is 1166255 a composite number?
True
Is 64657587 composite?
True
Is 7052519 prime?
True
Is 600637 prime?
False
Is 41226947 composite?
True
Is 2771447 a prime number?
False
Is 1435726793 a prime number?
True
Is 75637699 composite?
False
Is 18610681 composite?
False
Is 4916651 a composite number?
True
Is 17447431 a prime number?
True
Is 482029 a composite number?
False
Is 598523 a composite number?
True
Is 136272247 prime?
False
Is 2777219 composite?
False
Is 2074301 a composite number?
True
Is 7235153 a prime number?
True
Is 567942347 a composite number?
True
Is 6481237 prime?
False
Is 1256231 prime?
True
Is 5449243 a prime number?
False
Is 132007 composite?
True
Is 57557 composite?
False
Is 23420921 composite?
False
Is 7817663 a prime number?
False
Is 33652627 a composite number?
False
Is 13168318 a composite number?
True
Is 16980133 prime?
False
Is 5431693 composite?
True
Is 114244087 a composite number?
False
Is 20715033 prime?
False
Is 1177067 composite?
False
Is 9714713 prime?
False
Is 1226959 a composite number?
False
Is 3550909033 a composite number?
True
Is 326033 a prime number?
False
Is 674951 composite?
True
Is 6608263 prime?
True
Is 59483857 prime?
True
Is 59202835 a composite number?
True
Is 112418257 composite?
True
Is 551947 composite?
True
Is 15463949 a prime number?
True
Is 36433834 prime?
False
Is 1288797517 composite?
True
Is 82947589 composite?
False
Is 8226593 a composite number?
False
Is 1401024127 prime?
False
Is 8504326 prime?
False
Is 37259587 composite?
True
Is 3215687 prime?
True
Is 34284865 a composite number?
True
Is 3478609 a composite number?
True
Is 54431243 a composite number?
True
Is 4950971 a prime number?
True
Is 1532308601 a prime number?
True
Is 9886691 prime?
True
Is 150100721 a prime number?
True
Is 3811057 prime?
True
Is 4462103 a composite number?
True
Is 3162401 composite?
True
Is 13270157 composite?
False
Is 21433733 composite?
False
Is 930182885 a prime number?
False
Is 192885601 prime?
True
Is 176899993 composite?
False
Is 58840259 composite?
False
Is 24449263 composite?
False
Is 3754847 composite?
True
Is 53134069 a composite number?
True
Is 2155182967 a prime number?
False
Is 3714307 a composite number?
False
Is 13129789 prime?
False
Is 58609807 a composite number?
False
Is 34387117 composite?
False
Is 402521 a prime number?
False
Is 1274345933 a prime number?
False
Is 3166127 composite?
True
Is 2449697 prime?
False
Is 14738417 composite?
True
Is 4928069 prime?
True
Is 3396127 a composite number?
True
Is 3357383 a prime number?
False
Is 7296643 a prime number?
True
Is 24078517 a composite number?
False
Is 1994489 a composite number?
True
Is 30952961 prime?
False
Is 3527723 prime?
True
Is 64948759 prime?
True
Is 602037191 a prime number?
False
Is 4039949 prime?
True
Is 2877013 a composite number?
False
Is 160051 a prime number?
False
Is 247733 composite?
True
Is 4546889 prime?
True
Is 3454967 a prime number?
True
Is 3107189 a prime number?
False
Is 53353 a composite number?
False
Is 4363481 composite?
True
Is 6041023 a composite number?
False
Is 63992657 a prime number?
True
Is 40408337 composite?
True
Is 209081 a composite number?
True
Is 20171269 a composite number?
True
Is 27282583 a composite number?
False
Is 71110955 prime?
False
Is 105156421 a prime number?
False
Is 64273393 a prime number?
False
Is 63751583 composite?
True
Is 1213019 a composite number?
False
Is 4702993 prime?
False
Is 5200723 prime?
False
Is 17272421 a prime numbe